30). Let p(o) = -4*o**2 + 4*o**3 - 2*o + o**3 - 3*o**3 - 2 - o**3. What is the tens digit of p(d)?
1
Suppose -2*f + 440 = 5*b, -2*b + 0*b = 3*f - 671. What is the units digit of f?
5
Suppose -14588 = -23*u + 21177. What is the units digit of u?
5
Let u be ((-651)/(-9))/(4/(-24)). Let m = 206 + u. What is the units digit of (-1)/(4 - m/(-56))?
4
Let p = -118 + 118. Suppose -2*d + 480 + 64 = p. What is the units digit of d?
2
Let i(f) = 2*f**2 - f + 5. Let a be i(8). Suppose 5*z - a - 590 = 0. What is the hundreds digit of z?
1
Suppose 8 = -4*z + 8*z. Suppose -3*c + 129 = z*o, 4*o = 2*o + 5*c + 137. Suppose -6*u + 90 + o = 0. What is the tens digit of u?
2
Let r(h) = h**2 - 4*h + 58. Let u be r(8). Suppose 760 = 5*z - 3*x, -3*z + x - 2*x = -470. Let n = z - u. What is the tens digit of n?
6
Let m be (2/4)/((-11)/748). Let h = 24 + m. Let r = h - -22. What is the units digit of r?
2
Let w(s) = 726*s - 174. What is the hundreds digit of w(3)?
0
Suppose -61*g + 20888 = -54*g. What is the units digit of g?
4
Let m(j) = -j - 1. Let h(c) = 8*c - 6. Let w(r) = h(r) + 3*m(r). Let n be w(5). Suppose q - 10 = 2*a, -2*q - 4*a + n = -q. What is the units digit of q?
2
Let v = 266 + -188. What is the tens digit of v?
7
Let t(n) = n + 1. Let d be t(2). Let g be -3*(0 + d) - -4. What is the units digit of 93/6*(-10)/g?
1
Suppose 5*m = 7*m + 46. Let o = m - -89. What is the units digit of o?
6
Let i = -911 - -1829. What is the tens digit of i?
1
Let s = 859 + -490. What is the hundreds digit of s?
3
Let i(t) be the second derivative of -2/3*t**3 - 1/12*t**4 + 3/2*t**2 + 2*t + 0. What is the units digit of i(-4)?
3
Let w = 3 - -1. What is the units digit of (4 + -9 - w)/(-1)?
9
Let i = 2303 - 1744. What is the tens digit of i?
5
Suppose 3*c - c + 10 = 0. Let y be (5/c)/(1/(-2)). Suppose y*j = -2*j + 68. What is the units digit of j?
7
Suppose 3555 - 1179 = 18*m. Let f = -122 + m. What is the tens digit of f?
1
Let q(t) = t**3 - 7*t**2 + 6*t + 5. Let s be q(6). Let k be -3 + (-1 + 5)/1. Suppose -s = -2*o - k. What is the units digit of o?
2
Let p be (-1 + 84/2)/(2/22). Suppose -6*v = -p + 151. What is the tens digit of v?
5
Let i(r) = r**2 - 9 - 14*r + 3*r + r**2 + 4*r. What is the units digit of i(9)?
0
Let b be (-6)/4 - 10/4. What is the tens digit of 3116/133 - b/7?
2
Let z = -4 + 8. Suppose 0 = 5*p + 5*d + 5, 3*d + 15 - z = -p. Suppose -p*t = -6*t, -5*j = 3*t - 155. What is the tens digit of j?
3
Let r(z) = -12*z + 122. Suppose 3*g = -y + 9, 2*y + 9 = -3*y + 3*g. What is the hundreds digit of r(y)?
1
Suppose 0 = -4*z - m - m - 2, 7 = z + 2*m. Let x(y) = -2*y**3 + 2*y**2 + 4*y + 4. What is the units digit of x(z)?
4
Let m be 26/4 + 5/10. Suppose 2*b = 10, x - b - b + m = 0. What is the tens digit of (1 + (x - 5))*-31?
3
Suppose 761 - 4880 = -3*d. What is the hundreds digit of d?
3
Suppose 3*j - 12 = 6. Suppose 0*q = 2*r - 2*q - 12, -4*r - 5*q = -j. Suppose -5*s - n - 4*n + 20 = 0, -5*n + 11 = r*s. What is the units digit of s?
9
Let r(o) = 6*o**2 - 4*o + 5. Let l be r(5). Suppose 0*h - h = l. Let d = -90 - h. What is the units digit of d?
5
Let t(p) = -9*p - 1. Let s(d) = 8*d + 1. Let x(f) = 2*f**3 + 4*f**2 + 3*f + 2. Let y be x(-2). Let u(j) = y*t(j) - 5*s(j). What is the units digit of u(-1)?
3
Let x = 137 + -133. Suppose 0 = -4*b + 3*m + 111 + 565, 2*b = x*m + 338. What is the hundreds digit of b?
1
Let n(u) be the first derivative of 6 - 2*u + 5/2*u**2. What is the units digit of n(3)?
3
Let x = 2 + -2. Suppose x = n - 0*n + 9. Let p = -8 - n. What is the units digit of p?
1
Let w be (-4)/30*-5 - (-50)/6. Suppose -w*s + 402 = -876. What is the units digit of s?
2
Let q(w) = -16*w**3 - 3*w**2 + 11*w - 2. What is the tens digit of q(-3)?
7
Let k(f) = 186*f + 119. What is the tens digit of k(4)?
6
Let s be (14/(-4) - -3)/((-1)/(-780)). What is the tens digit of s/(-4) + 10/(-20)?
9
Let z be (8 + -5 + -2)/((-2)/(-8)). Let p(f) = -7*f + 4 - 6 + 6 + 2*f**2. What is the units digit of p(z)?
8
Suppose 16*c + 4 = 18*c. Let o = -89 - -69. What is the units digit of (-1)/c*(o - -4)?
8
Let k = 17 + 468. What is the hundreds digit of k?
4
Suppose 2*h + 7*g - 1416 = 9*g, -4*h = -5*g - 2833. What is the units digit of h?
7
Let h = -873 - -1486. What is the hundreds digit of h?
6
Let y be 3 + (-10 - (-1)/(-1)). What is the units digit of (2/y + 1)/((-6)/(-16))?
2
Suppose -m - 5*q + 35 = 0, m + 4*q = 3 + 36. Let t = m - 20. What is the tens digit of (-10)/t - (-429)/7?
6
Suppose -3504 = 7*b - b. Let f be 6/21 - b/14. Suppose 0 = -4*s + 10*s - f. What is the units digit of s?
7
Let a = 956 + -529. What is the hundreds digit of a?
4
Suppose -40*n + 1829 = -5371. What is the tens digit of n?
8
Suppose 0*i + 105 = -5*i. Suppose -67 = -2*h + 3*m + 23, 3*h - 97 = -5*m. Let d = h - i. What is the tens digit of d?
6
Let s be ((-1)/3)/((-2)/222). Suppose 4*y + 11 = -s. Let w = 8 - y. What is the units digit of w?
0
Suppose 34227 = 66*h - 57*h. What is the thousands digit of h?
3
Let b(y) be the second derivative of 6*y**2 + 2*y - y**4 + 1/20*y**5 + 0 + 5/3*y**3. What is the units digit of b(11)?
1
Let d = -26 + 28. Suppose d*m - 48 = m. What is the units digit of m?
8
Let n be 22*(2 - 5/5). What is the units digit of n - 3/(12/(-8))?
4
Let o(v) = -28 - v**3 - 5*v**2 + 11 - 2*v + 11. What is the units digit of o(-6)?
2
Let y be -2*(1 - (-9)/6). Let u(p) = -2*p + 1. Let m be u(-4). Let c = m + y. What is the units digit of c?
4
Suppose 3*d - d = -40. Let o = 25 + d. Suppose 0 = -o*l + 2*l + 75. What is the units digit of l?
5
Suppose -2*p = -37*p + 770. What is the tens digit of p?
2
Let v = -531 + 1004. What is the hundreds digit of v?
4
Suppose 0 = 5*u + 5*s - 34 - 11, 4*u + 2*s - 36 = 0. Suppose -2*z + u = 3. Suppose -5*m = 2*o - 318, -2*o = -z*m - 5*o + 198. What is the units digit of m?
2
Suppose -2*x = 2*i - 1996, 0 = 2*i - 5*i + 2*x + 2969. What is the tens digit of i?
9
Let x be (-170)/(-15) + 4/6. Let g = -33 + x. What is the tens digit of 21/(-6)*108/g?
1
Let p(s) = s**2 - 2*s + 2. Let k = -19 + 21. Let w be p(k). Suppose q + 3*g - 55 = 5*g, w*g = 5*q - 243. What is the tens digit of q?
4
Let h = -651 + 1791. What is the units digit of h?
0
Suppose -246*j = -245*j - 4553. What is the tens digit of j?
5
Suppose 0 = -71*x + 46310 + 65515. What is the hundreds digit of x?
5
Let g(q) = -16*q + 8. Let x(v) = -3*v**2 + 2*v + 1. Let t be x(-1). Let j be g(t). Suppose -4*a - j = -7*a - 2*w, -19 = -a + w. What is the units digit of a?
2
Let n(z) = z**2 - 4*z - 1. Let g be (10/4)/(7/14). Let a be (g/(-2))/((-6)/12). What is the units digit of n(a)?
4
Let x be -16 - (1 - (-3 - -4))*-1. Let c = 1 - x. What is the tens digit of c?
1
Let v = 2040 - 945. What is the hundreds digit of v?
0
Suppose -59*r = -8*r - 112914. What is the tens digit of r?
1
Suppose 0*g + 2*u = g - 12, -g + 27 = -5*u. Let m be g/(-10) + 8/40. Suppose m*j + j + x + 3 = 0, -j = -2*x - 9. What is the units digit of j?
1
Let p be 396/16 - (-12)/(-16). What is the tens digit of (27/(-2))/((-12)/p)?
2
Suppose 2 = g + 4. Let j(r) = 44*r + 4. Let p be j(g). What is the tens digit of 4*(p/(-8) + 2)?
5
Suppose -p + 1465 = 3*d, 1485 = 3*d - 21*p + 18*p. What is the hundreds digit of d?
4
What is the hundreds digit of -62*(-71)/2 - (-160)/40?
2
Let n be (-4)/(-16)*-2*-10. Suppose 2*w + f - n*f = 48, -12 = 4*f. What is the units digit of w?
8
Suppose 0 = -4*q + 5*i + 32, -4*q - 17 = -3*i - 41. What is the tens digit of q - (-78 - -4) - 3?
7
Let r(g) = -g. Let u be r(-3). Suppose -55 = -u*z + 2*p, 0 = 4*z + z + 2*p - 113. What is the units digit of z?
1
Suppose 4*f + 23 + 17 = 0. Let q = f + -9. Let d = 43 + q. What is the tens digit of d?
2
Let i be (4 - 1) + 65 + -2. Let w = i + 48. What is the hundreds digit of w?
1
Let x = -200 - -304. Let c = x + -47. Suppose 2*g = c - 1. What is the units digit of g?
8
Suppose -g + 3840 = 4*g - 5*f, 5*f = -g + 780. Let u = g + -136. What is the tens digit of u/14 + 2/(-7)?
4
Suppose -232 = 4*a - 4*j, -4*a + 6*j = 3*j + 231. Let t = -24 + 4. Let u = t - a. What is the tens digit of u?
3
Let c(o) = 29*o**2 - 23*o + 192. What is the hundreds digit of c(12)?
0
Let s = 1660 - 673. What is the tens digit of s?
8
What is the thousands digit of 85670/45 - (-2)/9?
1
Suppose -3*k + 32 + 208 = 